vide 10008?
True
Is 1200 a multiple of 20?
True
Is 398 a multiple of 59?
False
Is 26 a factor of 1222?
True
Does 157 divide 36110?
True
Is 24710 a multiple of 35?
True
Does 33 divide 29381?
False
Is 113 a factor of 19695?
False
Is 42 a factor of 2825?
False
Is 52 a factor of 43274?
False
Is 70 a factor of 558?
False
Does 8 divide 960?
True
Is 66 a factor of 107382?
True
Is 3664 a multiple of 4?
True
Does 14 divide 1022?
True
Does 21 divide 42?
True
Is 494 a multiple of 38?
True
Does 19 divide 532?
True
Is 24 a factor of 3093?
False
Is 9 a factor of 1200?
False
Is 5 a factor of 12025?
True
Is 3567 a multiple of 11?
False
Is 111 a factor of 26364?
False
Is 129332 a multiple of 36?
False
Does 6 divide 150?
True
Is 17487 a multiple of 138?
False
Does 22 divide 37840?
True
Does 2 divide 93?
False
Is 825 a multiple of 55?
True
Does 5 divide 9405?
True
Is 26 a factor of 29624?
False
Is 89289 a multiple of 20?
False
Is 21 a factor of 12766?
False
Is 759 a multiple of 5?
False
Is 3 a factor of 25?
False
Is 5871 a multiple of 9?
False
Is 736 a multiple of 16?
True
Does 78 divide 1794?
True
Is 43935 a multiple of 101?
True
Does 22 divide 814?
True
Is 5 a factor of 390?
True
Is 5 a factor of 145?
True
Does 25 divide 1175?
True
Is 48846 a multiple of 25?
False
Is 16558 a multiple of 33?
False
Does 104 divide 13312?
True
Is 528 a multiple of 44?
True
Is 18 a factor of 1728?
True
Is 680 a multiple of 17?
True
Is 243 a multiple of 3?
True
Does 4 divide 301?
False
Is 3058 a multiple of 14?
False
Is 29 a factor of 1247?
True
Is 44528 a multiple of 44?
True
Is 23106 a multiple of 153?
False
Does 20 divide 5800?
True
Is 24 a factor of 226?
False
Is 42540 a multiple of 12?
True
Is 41363 a multiple of 50?
False
Is 29 a factor of 42398?
True
Is 30 a factor of 630?
True
Does 16 divide 4475?
False
Is 150085 a multiple of 14?
False
Is 485 a multiple of 9?
False
Is 77 a factor of 23870?
True
Is 9 a factor of 2438?
False
Is 10 even?
True
Is 15 a factor of 2474?
False
Does 2 divide 7?
False
Does 10 divide 15450?
True
Is 9 a factor of 33614?
False
Is 111 a factor of 5106?
True
Does 13 divide 338?
True
Is 8 a factor of 205?
False
Does 194 divide 66348?
True
Is 19230 a multiple of 45?
False
Is 4 a factor of 1088?
True
Does 17 divide 20196?
True
Does 14 divide 98?
True
Does 57 divide 798?
True
Does 42 divide 42?
True
Does 57 divide 164952?
False
Is 6042 a multiple of 113?
False
Does 40 divide 5483?
False
Is 105 a factor of 3045?
True
Is 7674 a multiple of 36?
False
Is 12438 a multiple of 30?
False
Is 24468 a multiple of 4?
True
Is 40349 a multiple of 47?
False
Does 142 divide 4637?
False
Does 118 divide 19249?
False
Does 8 divide 1409?
False
Does 7 divide 84?
True
Does 27 divide 3902?
False
Is 15 a factor of 103?
False
Is 104 a factor of 2030?
False
Is 86 a factor of 449?
False
Is 90992 a multiple of 242?
True
Is 14850 a multiple of 55?
True
Does 96 divide 4338?
False
Is 8 a factor of 1106?
False
Is 317 a multiple of 6?
False
Is 51 a factor of 255?
True
Does 147 divide 4998?
True
Is 28 a factor of 840?
True
Is 84 a factor of 26009?
False
Is 191 a factor of 3247?
True
Is 92 a multiple of 23?
True
Is 9635 a multiple of 13?
False
Is 112 a multiple of 56?
True
Does 33 divide 759?
True
Is 1085 a multiple of 31?
True
Is 185 a multiple of 37?
True
Is 10243 a multiple of 21?
False
Is 117 a multiple of 3?
True
Is 45 a factor of 2565?
True
Is 930 a multiple of 15?
True
Is 7633 a multiple of 44?
False
Is 1719 a multiple of 3?
True
Is 8550 a multiple of 38?
True
Is 90 a factor of 3780?
True
Is 2064 a multiple of 6?
True
Does 113 divide 71868?
True
Is 16 a factor of 296?
False
Is 103029 a multiple of 15?
False
Does 2 divide 11505?
False
Does 51 divide 4803?
False
Is 3172 a multiple of 109?
False
Is 9 a factor of 199?
False
Is 67 a factor of 46451?
False
Is 10 a factor of 62?
False
Is 4554 a multiple of 33?
True
Is 64 a factor of 217?
False
Does 41 divide 23320?
False
Is 7 a factor of 1532?
False
Is 60 a factor of 1860?
True
Is 4 a factor of 123?
False
Is 74663 a multiple of 24?
False
Is 8 a factor of 680?
True
Is 5208 a multiple of 24?
True
Is 153 a factor of 21114?
True
Is 14 a factor of 620?
False
Does 4 divide 11896?
True
Is 71 a multiple of 6?
False
Does 122 divide 12566?
True
Is 1830 a multiple of 10?
True
Does 51 divide 768?
False
Is 36 a factor of 46?
False
Does 154 divide 66228?
False
Is 13 a factor of 2704?
True
Does 53 divide 954?
True
Is 10 a factor of 370?
True
Is 3343 a multiple of 29?
False
Does 81 divide 26796?
False
Is 5913 a multiple of 81?
True
Does 148 divide 1431?
False
Is 5180 a multiple of 8?
False
Does 103 divide 89634?
False
Is 200 a multiple of 82?
False
Does 28 divide 112?
True
Is 748 a multiple of 17?
True
Is 54796 a multiple of 14?
True
Is 764 a multiple of 69?
False
Is 16980 a multiple of 24?
False
Does 2 divide 843?
False
Is 23 a factor of 13501?
True
Is 13383 a multiple of 8?
False
Is 3304 a multiple of 28?
True
Does 9 divide 2637?
True
Is 27 a factor of 45144?
True
Is 1258 a multiple of 34?
True
Is 67702 a multiple of 23?
False
Is 1079 a multiple of 91?
False
Does 11 divide 1562?
True
Does 17 divide 12036?
True
Does 18 divide 1566?
True
Is 18 a factor of 824?
False
Is 4209 a multiple of 7?
False
Does 116 divide 30392?
True
Does 58 divide 115768?
True
Does 21 divide 14045?
False
Is 12 a factor of 1908?
True
Is 1224 a multiple of 12?
True
Does 228 divide 14575?
False
Does 39 divide 3237?
True
Is 35 a factor of 6052?
False
Is 72384 a multiple of 377?
True
Does 3 divide 582?
True
Is 6 a factor of 306?
True
Does 139 divide 13344?
True
Does 16 divide 1455?
False
Does 16 divide 12705?
False
Is 474 a multiple of 79?
True
Does 35 divide 4136?
False
Is 1302 a multiple of 7?
True
Is 111 a factor of 25752?
True
Is 4598 a multiple of 17?
False
Is 69666 a multiple of 33?
False
Is 1680 a multiple of 28?
True
Is 1054 a multiple of 17?
True
Is 6 a factor of 3177?
False
Is 3 a factor of 81?
True
Does 7 divide 1000?
False
Is 5 a factor of 2555?
True
Is 405 a multiple of 15?
True
Does 19 divide 152?
True
Is 7420 a multiple of 88?
False
Does 7 divide 4896?
False
Is 11 a factor of 205?
False
Is 1698 a multiple of 55?
False
Does 24 divide 2015?
False
Is 40 a factor of 2160?
True
Is 4147 a multiple of 25?
False
Is 3 a factor of 662?
False
Does 31 divide 17731?
False
Is 1557 a multiple of 4?
False
Does 19 divide 1517?
False
Is 7 a factor of 3003?
True
Does 27 divide 11656?
False
Is 5 a factor of 9580?
True
Is 117 a factor of 234?
True
Is 208 a multiple of 14?
False
Is 44 a factor of 3608?
True
Is 3572 a multiple of 14?
False
Does 12 divide 6732?
True
Is 4504 a multiple of 8?
True
Is 240 a multiple of 80?
True
Is 1474 a multiple of 75?
False
Does 21 divide 7655?
False
Is 69416 a multiple of 35?
False
Is 265 a factor of 119460?
False
Is 1248 a multiple of 3?
True
Does 276 divide 20424?
True
Is 5038 a multiple of 73?
False
Is 5427 a multiple of 17?
False
Is 11 a factor of 5446?
False
Does 12 divide 613?
False
Is 33667 a multiple of 131?
True
Is 107 a factor of 963?
True
Is 312 a multiple of 6?
True
Is 2856 a multiple of 119?
True
Does 5 divide 452?
False
Does 10 divide 982?
False
Does 20 divide 420?
True
Does 66 divide 20954?
False
Is 2779 a multiple of 7?
True
Is 68 a factor of 1836?
True
Does 59 divide 9145?
True
Is 345 a multiple of 65?
False
Is 81685 a multiple of 41?
False
Does 71 divide 32944?
True
Is 73 a factor of 1522?
False
Is 9955 a multiple of 5?
True
Does 8 divide 983?
False
Does 38 divide 4826?
True
Is 74 a factor of 740?
True
Is 27 a factor of 4589?
False
Is 14112 a multiple of 56?
True
Is 4070 a multiple of 110?
True
Does 14 divide 17360?
True
Does 11 divide 11?
True
Is 16 a factor of 69448?
False
Is 1610 a multiple of 35?
True
Is 7 a factor of 3917?
False
Is 45909 a multiple of 43?
False
Does 12 divide 756?
True
Is 79 a factor of 3359?
False
Is 39 a factor of 62205?
True
Does 14 divide 12488?
True
Does 18 divide 1530?
True
Does 16 divide 5655?
False
Is 1417 a multiple of 84?
False
Is 98 a factor of 1764?
True
Does 66 divide 1452?
True
Does 12 divide 15307?
False
Is 614 a multiple of 10?
False
Does 121 divide 1210?
True
Is 30 a factor of 66540?
True
Does 12 divide 65425?
False
Is 744 a multiple of 6?
True
Is 130 a multiple of 3?
False
Is 12 a factor of 10675?
Fals